s divided by 10.
0
Let c = 303 + -229. Calculate the remainder when c is divided by 61.
13
Let w(g) = 0*g - 2*g + 29 - 27. What is the remainder when 27 is divided by w(-9)?
7
Let b(u) = u**2 - 18*u + 96. Calculate the remainder when 90 is divided by b(6).
18
Let g(r) = -65*r**3 - r**2 - 8*r - 9. What is the remainder when g(-2) is divided by 7?
5
Suppose -80*m = -81*m + 135. Calculate the remainder when m is divided by 35.
30
Suppose -2*o - 277 = -435. Calculate the remainder when o is divided by 17.
11
Let t = -21 + 26. Suppose 93 = t*z - 292. What is the remainder when z is divided by 26?
25
Let f(x) = 3*x**3 - 16*x**2 + 7*x - 4. Let p be f(6). What is the remainder when 283/2 - p/44 is divided by 14?
13
Let n(u) = 3*u**3 - 104*u**2 - 35*u + 24. What is the remainder when n(35) is divided by 15?
9
Let w(m) = m**3 - 16*m**2 + 16*m + 6. Let q(t) = t**3 - 5*t**2 + t + 10. Let i be q(7). Let a = i + -32. Calculate the remainder when a is divided by w(15).
20
Suppose -4*x = -4*f - 84, 0 = -5*x + 4*x + 2*f + 21. What is the remainder when 51 is divided by x?
9
Suppose -5*p - n - 123 = 0, 84 = -5*p + p + 4*n. Let b = -12 - p. Let v = 69 + -46. What is the remainder when v is divided by b?
11
Suppose 5*m - 783 = x + x, 5*m - 3*x - 782 = 0. Let s be 4*(-1)/(-6)*(17 + -11). Suppose -s*q + 76 = -84. What is the remainder when m is divided by q?
37
Let i be -15*1*6/15. Let d = 23 - i. Suppose -v = -1 - 7. Calculate the remainder when d is divided by v.
5
Suppose 12*j - 4 = 10*j. What is the remainder when 155/31 - (1 - -2) is divided by j?
0
Let a be (-1)/(1*4/(-24)). Calculate the remainder when 26/39 + 74/a is divided by 3.
1
Let v(q) = q**3 + q**2 - q - 2. What is the remainder when 97 is divided by v(3)?
4
Let w(x) = 3*x**2 + 2*x - 92. Calculate the remainder when 127 is divided by w(-7).
4
Suppose 0 = 3*k - k - 24. Suppose k*y - 11*y = 26. What is the remainder when 50 is divided by y?
24
Suppose -6*y = -96 - 72. Calculate the remainder when 138 is divided by y.
26
Suppose 88 + 7 = 5*m. Calculate the remainder when ((-29)/(-319)*-11)/((-2)/58) is divided by m.
10
Let u(l) = l**2 - 11*l + 12. Let q be u(14). Suppose q = 3*o + 15. Calculate the remainder when 48 is divided by o.
9
Let z(d) = -d**3 - 7*d**2 + 4*d + 8. Let o be z(-7). Let c = o + -5. Let q = c - -43. What is the remainder when 51 is divided by q?
15
Let j be (14/6)/((-3)/9). Let w(o) = -21*o + 9. Let y be w(j). Suppose b - y = -b. What is the remainder when b is divided by 20?
18
Let f = -37 + 179. What is the remainder when f is divided by 41?
19
Let v be ((-17)/(-3))/(9/108). Suppose -4*m - r - v = -167, -r = 5. What is the remainder when m is divided by 4?
2
Suppose j + 4 = 3*r - 4, 0 = r + j. Suppose 0 = r*u - 6*u + 52. What is the remainder when u is divided by 4*(39/12 - 2)?
3
Let w(h) = 7*h - 16. Let u be w(5). What is the remainder when 1/(-1)*(-5187)/u is divided by 55?
53
Let n(w) = -w - 5*w**2 + w**2 - 8 + 6*w**3 - 7*w**3. Calculate the remainder when n(-6) is divided by 24.
22
Let c(w) = 115*w - 7. Calculate the remainder when c(1) is divided by 22.
20
Let l(i) = -2*i**3 - 28*i**2 - 32*i - 50. Let w = 166 + -56. Calculate the remainder when w is divided by l(-13).
26
Let b = 2812 + -1382. Calculate the remainder when b is divided by 53.
52
Suppose 4*n + 80*c - 1182 = 82*c, -2*n - 4*c = -566. What is the remainder when n is divided by 61?
49
Calculate the remainder when (82 - 0)*2/(4/11) is divided by 65.
61
Suppose -393*j + 54 = -390*j. What is the remainder when 81 is divided by j?
9
Let a = 43 - 38. Suppose a*m + 4*d + 9 = 64, -d + 44 = 4*m. What is the remainder when 40 is divided by m?
7
Suppose 5*g + 3*g - 40 = 0. Suppose 0 = -v + g*i + 60, 2*i = 4*v - 2*i - 208. Suppose 0*z = 2*z - 34. What is the remainder when v is divided by z?
16
Let w(k) = -2*k**2 - 55*k + 274. Calculate the remainder when 150 is divided by w(-31).
36
Let h = -34 - -41. Suppose h*f + 61 = 8*f. What is the remainder when f is divided by 7?
5
Let l = -85 + 96. Suppose -8*a = -4*a - 172. Calculate the remainder when a is divided by l.
10
Let a(d) = -d + 13. Let f be (-1 + -11)*(-6)/(-27)*-3. Calculate the remainder when 14 is divided by a(f).
4
Let z(y) = 2*y**2 - 4*y - 3. Let s be ((-13)/(-2) + 0)*-2. Let c = 2 - s. Calculate the remainder when z(5) is divided by c.
12
Let i be (-5)/((-2 - 0) + 1). Suppose i*v - 8 = v. Suppose 4*b - 226 = v*b. Calculate the remainder when b is divided by 29.
26
Let l(c) = 13*c - 8. Let u(g) = 12*g - 7. Let t(s) = 5*l(s) - 6*u(s). What is the remainder when t(-2) is divided by (-6)/(1/(-1)) + 3?
7
Suppose -40*b + 76 = -36*b. Suppose 3*h - 191 = -2. Calculate the remainder when h is divided by b.
6
Let h = -1 - -38. Let w = -7 + 11. Suppose -r - 3*r = -4*s + 48, 5*r = w*s - 50. What is the remainder when h is divided by s?
7
Suppose -16 = -5*d - 1. Suppose 0 = 18*h - 15*h. Suppose h*g - d = -g. Calculate the remainder when 3 is divided by g.
0
Suppose -2*j = -388 - 66. What is the remainder when j is divided by 46?
43
Let q(o) = -o + 96. What is the remainder when 343 is divided by q(-8)?
31
Let r be (1 + -2)/(2/(-10)). Suppose z + 4 = r. Suppose -7*y + 3*y = -12. What is the remainder when y is divided by z?
0
What is the remainder when 278 + 8 + (-12)/4 is divided by 57?
55
Let u(h) = 21*h**2 - 2*h + 4. Calculate the remainder when 65 is divided by u(1).
19
Suppose 4*t + 9 = 153. Let i = 38 + -19. Let p = i - 6. Calculate the remainder when t is divided by p.
10
Let h = 2 + 0. Suppose -h*i = 8, 167 = 4*o - 3*i - 33. What is the remainder when o is divided by 16?
15
Let k be (-40)/7 - (-8)/(-28). Let a = 42 + -33. What is the remainder when a is divided by (k/(-5))/(3/15)?
3
What is the remainder when 172 is divided by (-21)/7*((-5)/5 + -28)?
85
Suppose 2*q - 6666 = -3*n + 4282, 18264 = 5*n - q. Suppose -5*f + 537 = n. Calculate the remainder when (-2)/(-10) - f/35 is divided by 4.
2
Let l(a) = -a**3 + 15*a**2 + 3*a - 30. Calculate the remainder when 194 is divided by l(15).
14
Suppose 26*t - 349 - 327 = 0. Calculate the remainder when 177 is divided by t.
21
Suppose -2 + 0 = -a. Suppose -15 = -i - 3*g, i - a*g + 3 = g. Suppose 8*b + b - 36 = 0. What is the remainder when i is divided by b?
2
Suppose 2*c - 38 = 48. Let x = 3514 + -3429. Calculate the remainder when x is divided by c.
42
Let n = -382 - -1040. What is the remainder when n is divided by 15?
13
Let r(u) = u - 1. Let z(c) = c - 1. Let f(o) = 3*r(o) - 4*z(o). Let t(n) = n**3 + 2*n**2 - 12*n - 10. What is the remainder when t(-4) is divided by f(-2)?
0
Let z(q) = 20*q**2 - 56*q + 15. Calculate the remainder when z(4) is divided by 61.
50
Let f(l) = -14*l**2 - 4*l - 6. Let q be f(-2). Let p = -33 - q. What is the remainder when p is divided by 13?
8
Suppose -6 = -3*t + l, 0*t = -t + 3*l + 2. Let f(b) = -37*b + 11. Calculate the remainder when t*4*(2 - -2) is divided by f(0).
10
Let w(d) = 3*d**2 + 3*d - 1. Let t(f) = 2*f**3 + 4*f**2 + 5*f + 3. Let u be t(-2). Calculate the remainder when w(u) is divided by 32.
29
Let r = -1290 - -1502. Calculate the remainder when r is divided by 75.
62
Let w(n) = n**2 + n + 4. Let v(c) = c**3 + 2*c**2 + c. Let k be v(-2). What is the remainder when (k + 1 - 28)/(-1) is divided by w(-3)?
9
Let c = -71 + 86. Let t(b) = -b**2 + 15*b + 35. What is the remainder when 207 is divided by t(c)?
32
Suppose -4*j = -106 + 66. Let x = -18 - -52. Let l = 60 - x. Calculate the remainder when l is divided by j.
6
Suppose -1320*g - 276 = -1326*g. What is the remainder when g is divided by 11?
2
What is the remainder when 53 is divided by ((-108)/135)/(2/(-20))?
5
Let p = -1284 + 1302. Let b(h) = -31*h**3 + 2*h**2 + 2*h + 1. Calculate the remainder when b(-1) is divided by p.
14
Let c(u) = u**2 + u + 29. Let m be c(0). Let v = m - 23. What is the remainder when 9 is divided by v?
3
Suppose 17*y - 696 - 528 = 0. Calculate the remainder when y is divided by 11.
6
Let n = 691 + -671. Calculate the remainder when 296 is divided by n.
16
Let j(a) = 3*a**2 - 3. Let z = -2918 - -2943. Calculate the remainder when j(-5) is divided by z.
22
Let z be 8/1 - (35/(-7) - -8). Let m = 3 + 6. Suppose l + 5*a - m = 33, z*l + a = 138. What is the remainder when l is divided by 15?
12
Let b(a) = -a**2 -